{"id":1225,"date":"2022-12-01T11:21:50","date_gmt":"2022-12-01T14:21:50","guid":{"rendered":"https:\/\/specializedagro.com.br\/?page_id=1225"},"modified":"2022-12-06T09:07:57","modified_gmt":"2022-12-06T12:07:57","slug":"colheita","status":"publish","type":"page","link":"https:\/\/specializedagro.com.br\/index.php\/colheita\/","title":{"rendered":"COLHEITA"},"content":{"rendered":"\t\t<div data-elementor-type=\"wp-page\" data-elementor-id=\"1225\" class=\"elementor elementor-1225\">\n\t\t\t\t\t\t\t\t\t<section class=\"elementor-section elementor-top-section elementor-element elementor-element-e0a9cdb elementor-section-boxed elementor-section-height-default elementor-section-height-default exad-glass-effect-no exad-sticky-section-no\" data-id=\"e0a9cdb\" data-element_type=\"section\">\n\t\t\t\t\t\t<div class=\"elementor-container elementor-column-gap-default\">\n\t\t\t\t\t<div class=\"elementor-column elementor-col-100 elementor-top-column elementor-element elementor-element-84a15e7 exad-glass-effect-no exad-sticky-section-no\" data-id=\"84a15e7\" data-element_type=\"column\">\n\t\t\t<div class=\"elementor-widget-wrap elementor-element-populated\">\n\t\t\t\t\t\t\t\t<section class=\"elementor-section elementor-inner-section elementor-element elementor-element-368bc6a elementor-section-boxed elementor-section-height-default elementor-section-height-default exad-glass-effect-no exad-sticky-section-no\" data-id=\"368bc6a\" data-element_type=\"section\">\n\t\t\t\t\t\t<div class=\"elementor-container elementor-column-gap-default\">\n\t\t\t\t\t<div class=\"elementor-column elementor-col-50 elementor-inner-column elementor-element elementor-element-84dd506 exad-glass-effect-no exad-sticky-section-no\" data-id=\"84dd506\" data-element_type=\"column\" data-settings=\"{&quot;background_background&quot;:&quot;classic&quot;}\">\n\t\t\t<div class=\"elementor-widget-wrap elementor-element-populated\">\n\t\t\t\t\t\t\t\t<div class=\"elementor-element elementor-element-75c3e38 exad-sticky-section-no exad-glass-effect-no elementor-widget elementor-widget-heading\" data-id=\"75c3e38\" data-element_type=\"widget\" data-widget_type=\"heading.default\">\n\t\t\t\t<div class=\"elementor-widget-container\">\n\t\t\t<style>\/*! elementor - v3.9.0 - 06-12-2022 *\/\n.elementor-heading-title{padding:0;margin:0;line-height:1}.elementor-widget-heading .elementor-heading-title[class*=elementor-size-]>a{color:inherit;font-size:inherit;line-height:inherit}.elementor-widget-heading .elementor-heading-title.elementor-size-small{font-size:15px}.elementor-widget-heading .elementor-heading-title.elementor-size-medium{font-size:19px}.elementor-widget-heading .elementor-heading-title.elementor-size-large{font-size:29px}.elementor-widget-heading .elementor-heading-title.elementor-size-xl{font-size:39px}.elementor-widget-heading .elementor-heading-title.elementor-size-xxl{font-size:59px}<\/style><h2 class=\"elementor-heading-title elementor-size-default\">MONITOR DE COLHEITA\n<\/h2>\t\t<\/div>\n\t\t\t\t<\/div>\n\t\t\t\t<div class=\"elementor-element elementor-element-2366e3f exad-sticky-section-no exad-glass-effect-no elementor-widget elementor-widget-image\" data-id=\"2366e3f\" data-element_type=\"widget\" data-widget_type=\"image.default\">\n\t\t\t\t<div class=\"elementor-widget-container\">\n\t\t\t<style>\/*! elementor - v3.9.0 - 06-12-2022 *\/\n.elementor-widget-image{text-align:center}.elementor-widget-image a{display:inline-block}.elementor-widget-image a img[src$=\".svg\"]{width:48px}.elementor-widget-image img{vertical-align:middle;display:inline-block}<\/style>\t\t\t\t\t\t\t\t\t\t\t\t\t<a href=\"https:\/\/specializedagro.com.br\/index.php\/monitor-de-colheita\/\">\n\t\t\t\t\t\t\t<img decoding=\"async\" width=\"960\" height=\"540\" src=\"https:\/\/specializedagro.com.br\/wp-content\/uploads\/2022\/12\/MONITORES-DE-COLHEITA.jpg\" class=\"attachment-large size-large wp-image-1856\" alt=\"\" loading=\"lazy\" srcset=\"https:\/\/specializedagro.com.br\/wp-content\/uploads\/2022\/12\/MONITORES-DE-COLHEITA.jpg 960w, https:\/\/specializedagro.com.br\/wp-content\/uploads\/2022\/12\/MONITORES-DE-COLHEITA-300x169.jpg 300w, https:\/\/specializedagro.com.br\/wp-content\/uploads\/2022\/12\/MONITORES-DE-COLHEITA-768x432.jpg 768w, https:\/\/specializedagro.com.br\/wp-content\/uploads\/2022\/12\/MONITORES-DE-COLHEITA-230x129.jpg 230w, https:\/\/specializedagro.com.br\/wp-content\/uploads\/2022\/12\/MONITORES-DE-COLHEITA-350x197.jpg 350w, https:\/\/specializedagro.com.br\/wp-content\/uploads\/2022\/12\/MONITORES-DE-COLHEITA-480x270.jpg 480w\" sizes=\"(max-width: 960px) 100vw, 960px\" \/>\t\t\t\t\t\t\t\t<\/a>\n\t\t\t\t\t\t\t\t\t\t\t\t\t\t\t<\/div>\n\t\t\t\t<\/div>\n\t\t\t\t<div class=\"elementor-element elementor-element-953b6cf elementor-align-center exad-sticky-section-no exad-glass-effect-no elementor-widget elementor-widget-button\" data-id=\"953b6cf\" data-element_type=\"widget\" data-widget_type=\"button.default\">\n\t\t\t\t<div class=\"elementor-widget-container\">\n\t\t\t\t\t<div class=\"elementor-button-wrapper\">\n\t\t\t<a href=\"https:\/\/specializedagro.com.br\/index.php\/monitor-de-colheita\/\" class=\"elementor-button-link elementor-button elementor-size-sm\" role=\"button\">\n\t\t\t\t\t\t<span class=\"elementor-button-content-wrapper\">\n\t\t\t\t\t\t<span class=\"elementor-button-text\">SAIBA MAIS<\/span>\n\t\t<\/span>\n\t\t\t\t\t<\/a>\n\t\t<\/div>\n\t\t\t\t<\/div>\n\t\t\t\t<\/div>\n\t\t\t\t\t<\/div>\n\t\t<\/div>\n\t\t\t\t<div class=\"elementor-column elementor-col-50 elementor-inner-column elementor-element elementor-element-c4fb2f9 exad-glass-effect-no exad-sticky-section-no\" data-id=\"c4fb2f9\" data-element_type=\"column\">\n\t\t\t<div class=\"elementor-widget-wrap elementor-element-populated\">\n\t\t\t\t\t\t\t\t<div class=\"elementor-element elementor-element-28915ef exad-sticky-section-no exad-glass-effect-no elementor-widget elementor-widget-heading\" data-id=\"28915ef\" data-element_type=\"widget\" data-widget_type=\"heading.default\">\n\t\t\t\t<div class=\"elementor-widget-container\">\n\t\t\t<h2 class=\"elementor-heading-title elementor-size-default\">SENSOR DE ALTURA E INCLINA\u00c7\u00c3O\n<\/h2>\t\t<\/div>\n\t\t\t\t<\/div>\n\t\t\t\t<div class=\"elementor-element elementor-element-8fcfbe0 exad-sticky-section-no exad-glass-effect-no elementor-widget elementor-widget-image\" data-id=\"8fcfbe0\" data-element_type=\"widget\" data-widget_type=\"image.default\">\n\t\t\t\t<div class=\"elementor-widget-container\">\n\t\t\t\t\t\t\t\t\t\t\t\t\t\t\t\t<a href=\"https:\/\/specializedagro.com.br\/index.php\/sensor-de-altura-e-inclinacao-automatica\/\">\n\t\t\t\t\t\t\t<img decoding=\"async\" width=\"960\" height=\"540\" src=\"https:\/\/specializedagro.com.br\/wp-content\/uploads\/2022\/12\/SENSOR-DE-ALTURA-E-INCLINACAO.jpg\" class=\"attachment-large size-large wp-image-1861\" alt=\"\" loading=\"lazy\" srcset=\"https:\/\/specializedagro.com.br\/wp-content\/uploads\/2022\/12\/SENSOR-DE-ALTURA-E-INCLINACAO.jpg 960w, https:\/\/specializedagro.com.br\/wp-content\/uploads\/2022\/12\/SENSOR-DE-ALTURA-E-INCLINACAO-300x169.jpg 300w, https:\/\/specializedagro.com.br\/wp-content\/uploads\/2022\/12\/SENSOR-DE-ALTURA-E-INCLINACAO-768x432.jpg 768w, https:\/\/specializedagro.com.br\/wp-content\/uploads\/2022\/12\/SENSOR-DE-ALTURA-E-INCLINACAO-230x129.jpg 230w, https:\/\/specializedagro.com.br\/wp-content\/uploads\/2022\/12\/SENSOR-DE-ALTURA-E-INCLINACAO-350x197.jpg 350w, https:\/\/specializedagro.com.br\/wp-content\/uploads\/2022\/12\/SENSOR-DE-ALTURA-E-INCLINACAO-480x270.jpg 480w\" sizes=\"(max-width: 960px) 100vw, 960px\" \/>\t\t\t\t\t\t\t\t<\/a>\n\t\t\t\t\t\t\t\t\t\t\t\t\t\t\t<\/div>\n\t\t\t\t<\/div>\n\t\t\t\t<div class=\"elementor-element elementor-element-9fbcb5f elementor-align-center exad-sticky-section-no exad-glass-effect-no elementor-widget elementor-widget-button\" data-id=\"9fbcb5f\" data-element_type=\"widget\" data-widget_type=\"button.default\">\n\t\t\t\t<div class=\"elementor-widget-container\">\n\t\t\t\t\t<div class=\"elementor-button-wrapper\">\n\t\t\t<a href=\"https:\/\/specializedagro.com.br\/index.php\/sensor-de-altura-e-inclinacao-automatica\/\" class=\"elementor-button-link elementor-button elementor-size-sm\" role=\"button\">\n\t\t\t\t\t\t<span class=\"elementor-button-content-wrapper\">\n\t\t\t\t\t\t<span class=\"elementor-button-text\">SAIBA MAIS<\/span>\n\t\t<\/span>\n\t\t\t\t\t<\/a>\n\t\t<\/div>\n\t\t\t\t<\/div>\n\t\t\t\t<\/div>\n\t\t\t\t\t<\/div>\n\t\t<\/div>\n\t\t\t\t\t\t\t<\/div>\n\t\t<\/section>\n\t\t\t\t<section class=\"elementor-section elementor-inner-section elementor-element elementor-element-a08b10e elementor-section-boxed elementor-section-height-default elementor-section-height-default exad-glass-effect-no exad-sticky-section-no\" data-id=\"a08b10e\" data-element_type=\"section\">\n\t\t\t\t\t\t<div class=\"elementor-container elementor-column-gap-default\">\n\t\t\t\t\t<div class=\"elementor-column elementor-col-50 elementor-inner-column elementor-element elementor-element-c6e8e5f exad-glass-effect-no exad-sticky-section-no\" data-id=\"c6e8e5f\" data-element_type=\"column\">\n\t\t\t<div class=\"elementor-widget-wrap elementor-element-populated\">\n\t\t\t\t\t\t\t\t<div class=\"elementor-element elementor-element-387796f exad-sticky-section-no exad-glass-effect-no elementor-widget elementor-widget-heading\" data-id=\"387796f\" data-element_type=\"widget\" data-widget_type=\"heading.default\">\n\t\t\t\t<div class=\"elementor-widget-container\">\n\t\t\t<h2 class=\"elementor-heading-title elementor-size-default\">C\u00c2MERAS AGR\u00cdCOLAS\n<\/h2>\t\t<\/div>\n\t\t\t\t<\/div>\n\t\t\t\t<div class=\"elementor-element elementor-element-9b3c481 exad-sticky-section-no exad-glass-effect-no elementor-widget elementor-widget-image\" data-id=\"9b3c481\" data-element_type=\"widget\" data-widget_type=\"image.default\">\n\t\t\t\t<div class=\"elementor-widget-container\">\n\t\t\t\t\t\t\t\t\t\t\t\t\t\t\t\t<a href=\"https:\/\/specializedagro.com.br\/index.php\/cameras-agricolas\/\">\n\t\t\t\t\t\t\t<img decoding=\"async\" width=\"960\" height=\"540\" src=\"https:\/\/specializedagro.com.br\/wp-content\/uploads\/2022\/12\/CAMERAS-AGRICOLAS-1.png\" class=\"attachment-large size-large wp-image-1776\" alt=\"\" loading=\"lazy\" srcset=\"https:\/\/specializedagro.com.br\/wp-content\/uploads\/2022\/12\/CAMERAS-AGRICOLAS-1.png 960w, https:\/\/specializedagro.com.br\/wp-content\/uploads\/2022\/12\/CAMERAS-AGRICOLAS-1-300x169.png 300w, https:\/\/specializedagro.com.br\/wp-content\/uploads\/2022\/12\/CAMERAS-AGRICOLAS-1-768x432.png 768w, https:\/\/specializedagro.com.br\/wp-content\/uploads\/2022\/12\/CAMERAS-AGRICOLAS-1-230x129.png 230w, https:\/\/specializedagro.com.br\/wp-content\/uploads\/2022\/12\/CAMERAS-AGRICOLAS-1-350x197.png 350w, https:\/\/specializedagro.com.br\/wp-content\/uploads\/2022\/12\/CAMERAS-AGRICOLAS-1-480x270.png 480w\" sizes=\"(max-width: 960px) 100vw, 960px\" \/>\t\t\t\t\t\t\t\t<\/a>\n\t\t\t\t\t\t\t\t\t\t\t\t\t\t\t<\/div>\n\t\t\t\t<\/div>\n\t\t\t\t<div class=\"elementor-element elementor-element-6e88d19 elementor-align-center exad-sticky-section-no exad-glass-effect-no elementor-widget elementor-widget-button\" data-id=\"6e88d19\" data-element_type=\"widget\" data-widget_type=\"button.default\">\n\t\t\t\t<div class=\"elementor-widget-container\">\n\t\t\t\t\t<div class=\"elementor-button-wrapper\">\n\t\t\t<a href=\"https:\/\/specializedagro.com.br\/index.php\/cameras-agricolas\/\" class=\"elementor-button-link elementor-button elementor-size-sm\" role=\"button\">\n\t\t\t\t\t\t<span class=\"elementor-button-content-wrapper\">\n\t\t\t\t\t\t<span class=\"elementor-button-text\">SAIBA MAIS<\/span>\n\t\t<\/span>\n\t\t\t\t\t<\/a>\n\t\t<\/div>\n\t\t\t\t<\/div>\n\t\t\t\t<\/div>\n\t\t\t\t\t<\/div>\n\t\t<\/div>\n\t\t\t\t<div class=\"elementor-column elementor-col-50 elementor-inner-column elementor-element elementor-element-0346460 exad-glass-effect-no exad-sticky-section-no\" data-id=\"0346460\" data-element_type=\"column\">\n\t\t\t<div class=\"elementor-widget-wrap elementor-element-populated\">\n\t\t\t\t\t\t\t\t<div class=\"elementor-element elementor-element-2de51e5 exad-sticky-section-no exad-glass-effect-no elementor-widget elementor-widget-heading\" data-id=\"2de51e5\" data-element_type=\"widget\" data-widget_type=\"heading.default\">\n\t\t\t\t<div class=\"elementor-widget-container\">\n\t\t\t<h2 class=\"elementor-heading-title elementor-size-default\">PILOTO AUTOM\u00c1TICO\n<\/h2>\t\t<\/div>\n\t\t\t\t<\/div>\n\t\t\t\t<div class=\"elementor-element elementor-element-aad1b10 exad-sticky-section-no exad-glass-effect-no elementor-widget elementor-widget-image\" data-id=\"aad1b10\" data-element_type=\"widget\" data-widget_type=\"image.default\">\n\t\t\t\t<div class=\"elementor-widget-container\">\n\t\t\t\t\t\t\t\t\t\t\t\t\t\t\t\t<a href=\"https:\/\/specializedagro.com.br\/index.php\/piloto-automatico\/\">\n\t\t\t\t\t\t\t<img decoding=\"async\" width=\"960\" height=\"540\" src=\"https:\/\/specializedagro.com.br\/wp-content\/uploads\/2022\/12\/PILOTO-AUTOMATICO.png\" class=\"attachment-large size-large wp-image-1772\" alt=\"\" loading=\"lazy\" srcset=\"https:\/\/specializedagro.com.br\/wp-content\/uploads\/2022\/12\/PILOTO-AUTOMATICO.png 960w, https:\/\/specializedagro.com.br\/wp-content\/uploads\/2022\/12\/PILOTO-AUTOMATICO-300x169.png 300w, https:\/\/specializedagro.com.br\/wp-content\/uploads\/2022\/12\/PILOTO-AUTOMATICO-768x432.png 768w, https:\/\/specializedagro.com.br\/wp-content\/uploads\/2022\/12\/PILOTO-AUTOMATICO-230x129.png 230w, https:\/\/specializedagro.com.br\/wp-content\/uploads\/2022\/12\/PILOTO-AUTOMATICO-350x197.png 350w, https:\/\/specializedagro.com.br\/wp-content\/uploads\/2022\/12\/PILOTO-AUTOMATICO-480x270.png 480w\" sizes=\"(max-width: 960px) 100vw, 960px\" \/>\t\t\t\t\t\t\t\t<\/a>\n\t\t\t\t\t\t\t\t\t\t\t\t\t\t\t<\/div>\n\t\t\t\t<\/div>\n\t\t\t\t<div class=\"elementor-element elementor-element-4fa7699 elementor-align-center exad-sticky-section-no exad-glass-effect-no elementor-widget elementor-widget-button\" data-id=\"4fa7699\" data-element_type=\"widget\" data-widget_type=\"button.default\">\n\t\t\t\t<div class=\"elementor-widget-container\">\n\t\t\t\t\t<div class=\"elementor-button-wrapper\">\n\t\t\t<a href=\"https:\/\/specializedagro.com.br\/index.php\/piloto-automatico\/\" class=\"elementor-button-link elementor-button elementor-size-sm\" role=\"button\">\n\t\t\t\t\t\t<span class=\"elementor-button-content-wrapper\">\n\t\t\t\t\t\t<span class=\"elementor-button-text\">SAIBA MAIS<\/span>\n\t\t<\/span>\n\t\t\t\t\t<\/a>\n\t\t<\/div>\n\t\t\t\t<\/div>\n\t\t\t\t<\/div>\n\t\t\t\t\t<\/div>\n\t\t<\/div>\n\t\t\t\t\t\t\t<\/div>\n\t\t<\/section>\n\t\t\t\t\t<\/div>\n\t\t<\/div>\n\t\t\t\t\t\t\t<\/div>\n\t\t<\/section>\n\t\t\t\t\t\t\t<\/div>\n\t\t","protected":false},"excerpt":{"rendered":"<p>MONITOR DE COLHEITA SAIBA MAIS SENSOR DE ALTURA E INCLINA\u00c7\u00c3O SAIBA MAIS C\u00c2MERAS AGR\u00cdCOLAS SAIBA MAIS PILOTO AUTOM\u00c1TICO SAIBA MAIS<\/p>\n","protected":false},"author":1,"featured_media":0,"parent":0,"menu_order":0,"comment_status":"closed","ping_status":"closed","template":"page-templates\/page_front-page.php","meta":[],"yoast_head":"<!-- This site is optimized with the Yoast SEO plugin v19.12 - https:\/\/yoast.com\/wordpress\/plugins\/seo\/ -->\n<title>COLHEITA - specializedagro.com.br<\/title>\n<meta name=\"robots\" content=\"index, follow, max-snippet:-1, max-image-preview:large, max-video-preview:-1\" \/>\n<link rel=\"canonical\" href=\"https:\/\/specializedagro.com.br\/index.php\/colheita\/\" \/>\n<meta property=\"og:locale\" content=\"pt_BR\" \/>\n<meta property=\"og:type\" content=\"article\" \/>\n<meta property=\"og:title\" content=\"COLHEITA - specializedagro.com.br\" \/>\n<meta property=\"og:description\" content=\"MONITOR DE COLHEITA SAIBA MAIS SENSOR DE ALTURA E INCLINA\u00c7\u00c3O SAIBA MAIS C\u00c2MERAS AGR\u00cdCOLAS SAIBA MAIS PILOTO AUTOM\u00c1TICO SAIBA MAIS\" \/>\n<meta property=\"og:url\" content=\"https:\/\/specializedagro.com.br\/index.php\/colheita\/\" \/>\n<meta property=\"og:site_name\" content=\"specializedagro.com.br\" \/>\n<meta property=\"article:modified_time\" content=\"2022-12-06T12:07:57+00:00\" \/>\n<meta property=\"og:image\" content=\"http:\/\/specializedagro.com.br\/wp-content\/uploads\/2022\/12\/MONITORES-DE-COLHEITA.jpg\" \/>\n<meta name=\"twitter:card\" content=\"summary_large_image\" \/>\n<meta name=\"twitter:label1\" content=\"Est. tempo de leitura\" \/>\n\t<meta name=\"twitter:data1\" content=\"1 minuto\" \/>\n<script type=\"application\/ld+json\" class=\"yoast-schema-graph\">{\"@context\":\"https:\/\/schema.org\",\"@graph\":[{\"@type\":\"WebPage\",\"@id\":\"https:\/\/specializedagro.com.br\/index.php\/colheita\/\",\"url\":\"https:\/\/specializedagro.com.br\/index.php\/colheita\/\",\"name\":\"COLHEITA - specializedagro.com.br\",\"isPartOf\":{\"@id\":\"https:\/\/specializedagro.com.br\/#website\"},\"datePublished\":\"2022-12-01T14:21:50+00:00\",\"dateModified\":\"2022-12-06T12:07:57+00:00\",\"breadcrumb\":{\"@id\":\"https:\/\/specializedagro.com.br\/index.php\/colheita\/#breadcrumb\"},\"inLanguage\":\"pt-BR\",\"potentialAction\":[{\"@type\":\"ReadAction\",\"target\":[\"https:\/\/specializedagro.com.br\/index.php\/colheita\/\"]}]},{\"@type\":\"BreadcrumbList\",\"@id\":\"https:\/\/specializedagro.com.br\/index.php\/colheita\/#breadcrumb\",\"itemListElement\":[{\"@type\":\"ListItem\",\"position\":1,\"name\":\"In\u00edcio\",\"item\":\"https:\/\/specializedagro.com.br\/\"},{\"@type\":\"ListItem\",\"position\":2,\"name\":\"COLHEITA\"}]},{\"@type\":\"WebSite\",\"@id\":\"https:\/\/specializedagro.com.br\/#website\",\"url\":\"https:\/\/specializedagro.com.br\/\",\"name\":\"specializedagro.com.br\",\"description\":\"\",\"potentialAction\":[{\"@type\":\"SearchAction\",\"target\":{\"@type\":\"EntryPoint\",\"urlTemplate\":\"https:\/\/specializedagro.com.br\/?s={search_term_string}\"},\"query-input\":\"required name=search_term_string\"}],\"inLanguage\":\"pt-BR\"}]}<\/script>\n<!-- \/ Yoast SEO plugin. -->","yoast_head_json":{"title":"COLHEITA - specializedagro.com.br","robots":{"index":"index","follow":"follow","max-snippet":"max-snippet:-1","max-image-preview":"max-image-preview:large","max-video-preview":"max-video-preview:-1"},"canonical":"https:\/\/specializedagro.com.br\/index.php\/colheita\/","og_locale":"pt_BR","og_type":"article","og_title":"COLHEITA - specializedagro.com.br","og_description":"MONITOR DE COLHEITA SAIBA MAIS SENSOR DE ALTURA E INCLINA\u00c7\u00c3O SAIBA MAIS C\u00c2MERAS AGR\u00cdCOLAS SAIBA MAIS PILOTO AUTOM\u00c1TICO SAIBA MAIS","og_url":"https:\/\/specializedagro.com.br\/index.php\/colheita\/","og_site_name":"specializedagro.com.br","article_modified_time":"2022-12-06T12:07:57+00:00","og_image":[{"url":"http:\/\/specializedagro.com.br\/wp-content\/uploads\/2022\/12\/MONITORES-DE-COLHEITA.jpg"}],"twitter_card":"summary_large_image","twitter_misc":{"Est. tempo de leitura":"1 minuto"},"schema":{"@context":"https:\/\/schema.org","@graph":[{"@type":"WebPage","@id":"https:\/\/specializedagro.com.br\/index.php\/colheita\/","url":"https:\/\/specializedagro.com.br\/index.php\/colheita\/","name":"COLHEITA - specializedagro.com.br","isPartOf":{"@id":"https:\/\/specializedagro.com.br\/#website"},"datePublished":"2022-12-01T14:21:50+00:00","dateModified":"2022-12-06T12:07:57+00:00","breadcrumb":{"@id":"https:\/\/specializedagro.com.br\/index.php\/colheita\/#breadcrumb"},"inLanguage":"pt-BR","potentialAction":[{"@type":"ReadAction","target":["https:\/\/specializedagro.com.br\/index.php\/colheita\/"]}]},{"@type":"BreadcrumbList","@id":"https:\/\/specializedagro.com.br\/index.php\/colheita\/#breadcrumb","itemListElement":[{"@type":"ListItem","position":1,"name":"In\u00edcio","item":"https:\/\/specializedagro.com.br\/"},{"@type":"ListItem","position":2,"name":"COLHEITA"}]},{"@type":"WebSite","@id":"https:\/\/specializedagro.com.br\/#website","url":"https:\/\/specializedagro.com.br\/","name":"specializedagro.com.br","description":"","potentialAction":[{"@type":"SearchAction","target":{"@type":"EntryPoint","urlTemplate":"https:\/\/specializedagro.com.br\/?s={search_term_string}"},"query-input":"required name=search_term_string"}],"inLanguage":"pt-BR"}]}},"_links":{"self":[{"href":"https:\/\/specializedagro.com.br\/index.php\/wp-json\/wp\/v2\/pages\/1225"}],"collection":[{"href":"https:\/\/specializedagro.com.br\/index.php\/wp-json\/wp\/v2\/pages"}],"about":[{"href":"https:\/\/specializedagro.com.br\/index.php\/wp-json\/wp\/v2\/types\/page"}],"author":[{"embeddable":true,"href":"https:\/\/specializedagro.com.br\/index.php\/wp-json\/wp\/v2\/users\/1"}],"replies":[{"embeddable":true,"href":"https:\/\/specializedagro.com.br\/index.php\/wp-json\/wp\/v2\/comments?post=1225"}],"version-history":[{"count":17,"href":"https:\/\/specializedagro.com.br\/index.php\/wp-json\/wp\/v2\/pages\/1225\/revisions"}],"predecessor-version":[{"id":1877,"href":"https:\/\/specializedagro.com.br\/index.php\/wp-json\/wp\/v2\/pages\/1225\/revisions\/1877"}],"wp:attachment":[{"href":"https:\/\/specializedagro.com.br\/index.php\/wp-json\/wp\/v2\/media?parent=1225"}],"curies":[{"name":"wp","href":"https:\/\/api.w.org\/{rel}","templated":true}]}}